{"id":12,"date":"2012-06-21T21:44:10","date_gmt":"2012-06-21T19:44:10","guid":{"rendered":"http:\/\/leipzigdesign.de\/th_web\/?page_id=12"},"modified":"2022-08-11T19:15:36","modified_gmt":"2022-08-11T17:15:36","slug":"impressum-2","status":"publish","type":"page","link":"https:\/\/leipzigdesign.de\/?page_id=12","title":{"rendered":"IMPRESSUM | DATENSCHUTZ"},"content":{"rendered":"<p><strong>\u00a0Verantwortlich f\u00fcr den Inhalt:<\/strong><\/p>\n<p>Thomas H\u00e4se<br \/>\nDiplom-Designer<br \/>\nGohliser Stra\u00dfe 42<br \/>\nD-04155 Leipzig<\/p>\n<p>Telefon: (0171) 9439800<br \/>\nE-Mail: th[et]leipzigdesign.de<\/p>\n<p><strong>zust\u00e4ndiges Finanzamt:<\/strong><br \/>\nFinanzamt Leipzig I<br \/>\nPostfach 100105, 04001 Leipzig<\/p>\n<p>Ust-IdNr.: DE141642615<\/p>\n<hr \/>\n<p><b>Datenschutzerkl\u00e4rung<\/b><\/p>\n<p>Wir freuen uns sehr \u00fcber Ihr Interesse an unserem Internetauftritt. Datenschutz hat einen besonders hohen Stellenwert f\u00fcr uns. Eine Nutzung unserer Internetseiten der ist grunds\u00e4tzlich ohne jede Angabe personenbezogener Daten m\u00f6glich. Sofern eine betroffene Person besondere Services \u00fcber unsere Internetseite in Anspruch nehmen m\u00f6chte, k\u00f6nnte jedoch eine Verarbeitung personenbezogener Daten erforderlich werden. Ist die Verarbeitung personenbezogener Daten erforderlich und besteht f\u00fcr eine solche Verarbeitung keine gesetzliche Grundlage, holen wir generell eine Einwilligung der betroffenen Person ein.<\/p>\n<p>Die Verarbeitung personenbezogener Daten, beispielsweise des Namens, der Anschrift, E-Mail-Adresse oder Telefonnummer einer betroffenen Person, erfolgt stets im Einklang mit der Datenschutz-Grundverordnung und in \u00dcbereinstimmung mit den geltenden landesspezifischen Datenschutzbestimmungen. Mittels dieser Datenschutzerkl\u00e4rung m\u00f6chten wir die \u00d6ffentlichkeit \u00fcber Art, Umfang und Zweck der von uns erhobenen, genutzten und verarbeiteten personenbezogenen Daten informieren. Ferner werden betroffene Personen mittels dieser Datenschutzerkl\u00e4rung \u00fcber die ihnen zustehenden Rechte aufgekl\u00e4rt.<\/p>\n<p>Wir haben f\u00fcr die Verarbeitung zahlreiche technische und organisatorische Ma\u00dfnahmen umgesetzt, um einen m\u00f6glichst l\u00fcckenlosen Schutz der \u00fcber diese Internetseite verarbeiteten personenbezogenen Daten sicherzustellen. Dennoch k\u00f6nnen Internetbasierte Daten\u00fcbertragungen grunds\u00e4tzlich Sicherheitsl\u00fccken aufweisen, sodass ein absoluter Schutz nicht gew\u00e4hrleistet werden kann. Aus diesem Grund steht es jeder betroffenen Person frei, personenbezogene Daten auch auf alternativen Wegen, beispielsweise telefonisch, an uns zu \u00fcbermitteln.<\/p>\n<p><b>Haftung f\u00fcr Inhalte<\/b><\/p>\n<p>Als Diensteanbieter sind wir gem\u00e4\u00df \u00a7 7 Abs.1 TMG f\u00fcr eigene Inhalte auf diesen Seiten nach den allgemeinen Gesetzen verantwortlich. Nach \u00a7\u00a7 8 bis 10 TMG sind wir als Diensteanbieter jedoch nicht verpflichtet, \u00fcbermittelte oder gespeicherte fremde Informationen zu \u00fcberwachen oder nach Umst\u00e4nden zu forschen, die auf eine rechtswidrige T\u00e4tigkeit hinweisen. Verpflichtungen zur Entfernung oder Sperrung der Nutzung von Informationen nach den allgemeinen Gesetzen bleiben hiervon unber\u00fchrt. Eine diesbez\u00fcgliche Haftung ist jedoch erst ab dem Zeitpunkt der Kenntnis einer konkreten Rechtsverletzung m\u00f6glich. Bei Bekanntwerden von entsprechenden Rechtsverletzungen werden wir diese Inhalte umgehend entfernen.<\/p>\n<p><b>Datenverarbeitung auf dem Server<\/b><\/p>\n<p>In den unvermeidlichen Serverstatistiken werden automatisch Daten gespeichert, die Ihr Browser an uns \u00fcbermittelt. Dies sind:<\/p>\n<ul>\n<li>Typ und Version des von Ihnen verwendeten Browsers;<\/li>\n<li>das von Ihnen verwendete Betriebssystem;<\/li>\n<li>die Website, \u00fcber die Sie unsere Website aufgerufen haben;<\/li>\n<li>Datum und Uhrzeit des Seitenaufrufs;<\/li>\n<li>Ihre IP-Adresse.<\/li>\n<\/ul>\n<p>Die Erfassung dieser Nutzungsdaten erfolgt anonym. Diese Daten k\u00f6nnen von uns in der Regel nicht bestimmten Personen zugeordnet werden. Ihre IP-Adresse verwenden wir nicht zu Ihrer Identifikation. Eine Zusammenf\u00fchrung dieser Daten mit anderen Datenquellen wird nicht vorgenommen.<\/p>\n<p><b>Haftung f\u00fcr Links<\/b><\/p>\n<p>Unser Angebot enth\u00e4lt Links zu externen Webseiten Dritter, auf deren Inhalte wir keinen Einfluss haben. Deshalb k\u00f6nnen wir f\u00fcr diese fremden Inhalte auch keine Gew\u00e4hr \u00fcbernehmen. F\u00fcr die Inhalte der verlinkten Seiten ist stets der jeweilige Anbieter oder Betreiber der Seiten verantwortlich. Die verlinkten Seiten wurden zum Zeitpunkt der Verlinkung auf m\u00f6gliche Rechtsverst\u00f6\u00dfe \u00fcberpr\u00fcft. Rechtswidrige Inhalte waren zum Zeitpunkt der Verlinkung nicht erkennbar. Eine permanente inhaltliche Kontrolle der verlinkten Seiten ist jedoch ohne konkrete Anhaltspunkte einer Rechtsverletzung nicht zumutbar. Bei Bekanntwerden von Rechtsverletzungen werden wir derartige Links umgehend entfernen.<\/p>\n<p><b>Urheberrecht<\/b><\/p>\n<p>Die durch die Seitenbetreiber erstellten Inhalte und Werke auf diesen Seiten unterliegen dem deutschen Urheberrecht. Die Vervielf\u00e4ltigung, Bearbeitung, Verbreitung und jede Art der Verwertung au\u00dferhalb der Grenzen des Urheberrechtes bed\u00fcrfen der schriftlichen Zustimmung des jeweiligen Autors bzw. Erstellers. Downloads und Kopien dieser Seite sind nur f\u00fcr den privaten, nicht kommerziellen Gebrauch gestattet. Soweit die Inhalte auf dieser Seite nicht vom Betreiber erstellt wurden, werden die Urheberrechte Dritter beachtet. Insbesondere werden Inhalte Dritter als solche gekennzeichnet. Sollten Sie trotzdem auf eine Urheberrechtsverletzung aufmerksam werden, bitten wir um einen entsprechenden Hinweis. Bei Bekanntwerden von Rechtsverletzungen werden wir derartige Inhalte umgehend entfernen.<\/p>\n<p><b>Cookies<\/b><\/p>\n<p>Um die Nutzung unserer Website zu erleichtern, verwenden wir \u201eCookies\u201c. Cookies sind kleine Textdateien, die von Ihrem Browser auf der Festplatte Ihres Computers abgelegt werden k\u00f6nnen und hilfreich f\u00fcr die Nutzung unserer Website sind. Cookies speichern Ihre personenbezogenen Daten nicht. Sie k\u00f6nnen Ihren Internet-Browser so einstellen, dass das Speichern von Cookies auf Ihrer Festplatte verhindert wird bzw. Sie jedes Mal gefragt werden, ob Sie mit dem Setzen von Cookies einverstanden sind. Einmal gesetzte Cookies k\u00f6nnen Sie auch jederzeit wieder l\u00f6schen. Wie dies im Einzelnen funktioniert, k\u00f6nnen Sie den Hilfeseiten Ihres Browsers entnehmen. Besucher werden beim ersten Besuch der Seiten mit einer Meldung darauf hingewiesen, dass Cookies gespeichert werden.<\/p>\n<p><b>Auskunft, L\u00f6schung, Sperrung<\/b><\/p>\n<p>Sie haben jederzeit das Recht auf unentgeltliche Auskunft \u00fcber Ihre gespeicherten personenbezogenen Daten, deren Herkunft und Empf\u00e4nger und den Zweck der Datenverarbeitung sowie ein Recht auf Berichtigung, Sperrung oder L\u00f6schung dieser Daten. Hierzu sowie zu weiteren Fragen zum Thema personenbezogene Daten k\u00f6nnen Sie sich jederzeit \u00fcber die im Impressum angegeben Adresse des Webseitenbetreibers an uns wenden.<\/p>\n<p><b>Verwendung von Analysediensten<\/b><\/p>\n<p>Diese Websiten verwenden das Webanalyseprogramm Matomo\/Piwik. Dieses Programm erm\u00f6glicht es uns, die Benutzung unserer Website zu erfassen und hierdurch gegebenenfalls Optimierungen vorzunehmen. Hierzu verwendet das Programm sogenannte Cookies (s.o.). Die hierdurch gewonnenen Nutzungsinformationen werden zusammen mit Ihrer IP-Adresse an unseren Server weitergeleitet und zu Analyse des Nutzungsverhaltens gespeichert. Bei diesem Vorgang wird Ihre IP-Adresse umgehend anonymisiert, sodass wir keine R\u00fcckschl\u00fcsse auf Sie als Nutzer ziehen k\u00f6nnen. Die derart gewonnenen Informationen werden nicht an Dritte weitergebenen. Sie k\u00f6nnen die Einstellungen Ihrer Browser-Software \u00e4ndern und so verhindern, dass Cookies verwendet werden. In diesem Fall kann es vorkommen, dass Sie nicht alle Funktionen unserer Website vollumf\u00e4nglich nutzen k\u00f6nnen.<\/p>\n<p><b>Google Web Fonts<\/b><\/p>\n<p>Diese Seite nutzt zur einheitlichen Darstellung von Schriftarten so genannte Web Fonts, die von Google bereitgestellt werden. Beim Aufruf einer Seite l\u00e4dt Ihr Browser die ben\u00f6tigten Web Fonts in ihren Browsercache, um Texte und Schriftarten korrekt anzuzeigen. Zu diesem Zweck muss der von Ihnen verwendete Browser Verbindung zu den Servern von Google aufnehmen. Hierdurch erlangt Google Kenntnis dar\u00fcber, dass \u00fcber Ihre IP-Adresse unsere Website aufgerufen wurde. Die Nutzung von Google Web Fonts erfolgt im Interesse einer einheitlichen und ansprechenden Darstellung unserer Online-Angebote. Dies stellt ein berechtigtes Interesse im Sinne von Art. 6 Abs. 1 lit. f DSGVO dar. Wenn Ihr Browser Web Fonts nicht unterst\u00fctzt, wird eine Standardschrift von Ihrem Computer genutzt.<\/p>\n<p><b>Auskunfts- und Widerrufsrecht<\/b><\/p>\n<p>Nach \u00a7 34 Bundesdatenschutzgesetz haben Sie jederzeit das Recht auf Auskunft \u00fcber Ihre bei uns gespeicherten Daten. Sie k\u00f6nnen Ihre bei uns erhobenen Daten sperren, berichtigen oder l\u00f6schen lassen und jederzeit die uns erteilte Einwilligung zur Datenerhebung und Verwendung ohne Angaben von Gr\u00fcnden widerrufen. Dazu k\u00f6nnen Sie sich jederzeit \u00fcber die im Impressum und sonst auf unserer Webseite angegebenen Kontaktdaten wenden.<\/p>\n<p><b>Datenschutzbestimmungen zu Einsatz und Verwendung von AddThis<\/b><\/p>\n<p>Auf dieser Internetseite werden Komponenten des Unternehmens AddThis integriert. AddThis ist ein sogenannter Bookmarking-Provider. Der Dienst erm\u00f6glicht ein vereinfachtes Bookmarken von Internetseiten \u00fcber Buttons. Durch ein \u00dcberfahren der AddThis-Komponente mit der Maus oder durch Anklicken mit dieser wird eine Liste mit Bookmarking- und Sharingservices angezeigt. AddThis ist auf \u00fcber 15 Millionen Internetseiten im Einsatz, und die Buttons werden nach den Angaben der Betreibergesellschaft \u00fcber 20 Milliarden Mal j\u00e4hrlich angezeigt.<\/p>\n<p>Betreibergesellschaft von AddThis ist die Firma AddThis, Inc. 1595 Spring Hill Road, Suite 300, Vienna, VA 22182, USA.<\/p>\n<p>Durch jeden Aufruf einer der Einzelseiten dieser Internetseite, die durch den f\u00fcr die Verarbeitung Verantwortlichen betrieben wird und auf welcher eine AddThis-Komponente integriert wurde, wird der Internetbrowser auf dem informationstechnologischen System der betroffenen Person automatisch durch die jeweilige AddThis-Komponente veranlasst, Daten von der Internetseite www.addthis.com herunterzuladen. Im Rahmen dieses technischen Verfahrens erh\u00e4lt AddThis Kenntnis \u00fcber den Besuch und welche konkrete Einzelseite dieser Internetseite durch das von der betroffenen Person verwendete informationstechnologische System genutzt wird. Ferner erh\u00e4lt AddThis Kenntnis \u00fcber die vom Internet-Service-Provider (ISP) vergebene IP-Adresse des von der betroffenen Person verwendeten Computersystems, den Browsertyp, die Browsersprache, die vor unserer Internetseite aufgerufene Internetseite, das Datum sowie die Uhrzeit des Besuchs unserer Internetseite. AddThis nutzt diese Daten, um anonymisierte Nutzerprofile zu erstellen. Die auf diesem Wege an AddThis \u00fcbertragenen Daten und Informationen erm\u00f6glichen dem Unternehmen AddThis selbst sowie den mit AddThis verbundenen Unternehmen oder dessen Partner-Unternehmen, die Besucher der Internetseiten des f\u00fcr die Verarbeitung Verantwortlichen gezielt mit personalisierter und interessenbezogener Werbung anzusprechen.<\/p>\n<p>AddThis blendet personalisierte und interessenbezogene Werbung auf Basis eines durch das Unternehmen gesetzten Cookies ein. Dieses Cookie analysiert das individuelle Surfverhalten des von der betroffenen Person genutzten Computersystems. Das Cookie speichert die von dem Computersystem ausgehenden Besuche von Internetseiten.<\/p>\n<p>Die betroffene Person kann die Setzung von Cookies durch unsere Internetseite, wie oben bereits dargestellt, jederzeit mittels einer entsprechenden Einstellung des genutzten Internetbrowsers verhindern und damit der Setzung von Cookies dauerhaft widersprechen. Eine solche Einstellung des genutzten Internetbrowsers w\u00fcrde auch verhindern, dass AddThis ein Cookie auf dem informationstechnologischen System der betroffenen Person setzt. Zudem k\u00f6nnen von AddThis bereits gesetzte Cookies jederzeit \u00fcber einen Internetbrowser oder andere Softwareprogramme gel\u00f6scht werden.<\/p>\n<p>Die betroffene Person hat zudem die M\u00f6glichkeit, der Verarbeitung von personenbezogenen Daten durch AddThis dauerhaft zu widersprechen. Hierzu muss die betroffene Person den Opt-Out-Button unter dem Link http:\/\/www.addthis.com\/privacy\/opt-out dr\u00fccken, der einen Opt-Out-Cookie setzt. Der mit dem Widerspruch gesetzte Opt-Out-Cookie, wird auf dem von der betroffenen Person genutzten informationstechnologischen System abgelegt. Werden die Cookies auf dem System der betroffenen Person nach einem Widerspruch gel\u00f6scht, muss die betroffene Person den Link erneut aufrufen und einen neuen Opt-Out-Cookie setzen.<\/p>\n<p>Mit der Setzung des Opt-Out-Cookies besteht jedoch die M\u00f6glichkeit, dass die Internetseiten des f\u00fcr die Verarbeitung Verantwortlichen f\u00fcr die betroffene Person nicht mehr vollumf\u00e4nglich nutzbar sind.<\/p>\n<p>Die geltenden Datenschutzbestimmungen von AddThis k\u00f6nnen unter http:\/\/www.addthis.com\/privacy\/privacy-policy abgerufen werden.<\/p>\n<p><b>Datenschutzbestimmungen zu Einsatz und Verwendung von Jetpack f\u00fcr WordPress<\/b><\/p>\n<p>Der f\u00fcr die Verarbeitung Verantwortliche hat auf dieser Internetseite Jetpack integriert. Jetpack ist ein WordPress-Plug-In, welches dem Betreiber einer Internetseite, die auf WordPress aufbaut, zus\u00e4tzliche Funktionen bietet. Jetpack gestattet dem Internetseitenbetreiber unter anderem eine \u00dcbersicht \u00fcber die Besucher der Seite. Durch die Anzeige von verwandten Beitr\u00e4gen und Publikationen oder die M\u00f6glichkeit, Inhalte auf der Seite zu teilen, ist ferner die Steigerung der Besucherzahlen m\u00f6glich. Au\u00dferdem sind Sicherheitsfunktionen in Jetpack integriert, sodass eine Jetpack nutzende Internetseite besser gegen Brute-Force-Attacken gesch\u00fctzt ist. Jetpack optimiert und beschleunigt ferner das Laden der auf der Internetseite integrierten Bilder.<\/p>\n<p>Betreibergesellschaft des Jetpack-Plug-Ins f\u00fcr WordPress ist die Automattic Inc., 132 Hawthorne Street, San Francisco, CA 94107, USA. Die Betreibergesellschaft setzt die Trackingtechnologie der Quantcast Inc., 201 Third Street, San Francisco, CA 94103, USA, ein.<\/p>\n<p>Jetpack setzt ein Cookie auf dem informationstechnologischen System der betroffenen Person. Was Cookies sind, wurde oben bereits erl\u00e4utert. Durch jeden Aufruf einer der Einzelseiten dieser Internetseite, die durch den f\u00fcr die Verarbeitung Verantwortlichen betrieben wird und auf welcher eine Jetpack-Komponente integriert wurde, wird der Internetbrowser auf dem informationstechnologischen System der betroffenen Person automatisch durch die jeweilige Jetpack-Komponente veranlasst, Daten zur Analysezwecken an Automattic zu \u00fcbermitteln. Im Rahmen dieses technischen Verfahrens erh\u00e4lt Automattic Kenntnis \u00fcber Daten, die in der Folge zur Erstellung einer \u00dcbersicht der Internetseiten-Besuche verwendet werden. Die so gewonnenen Daten dienen der Analyse des Verhaltens der betroffenen Person, welche auf die Internetseite des f\u00fcr die Verarbeitung Verantwortlichen zugegriffen hat und werden mit dem Ziel, die Internetseite zu optimieren, ausgewertet. Die \u00fcber die Jetpack-Komponente erhobenen Daten werden nicht ohne eine vorherige Einholung einer gesonderten ausdr\u00fccklichen Einwilligung der betroffenen Person dazu genutzt, die betroffene Person zu identifizieren. Die Daten gelangen ferner Quantcast zur Kenntnis. Quantcast nutzt die Daten zu den gleichen Zwecken wie Automattic.<\/p>\n<p>Die betroffene Person kann die Setzung von Cookies durch unsere Internetseite, wie oben bereits dargestellt, jederzeit mittels einer entsprechenden Einstellung des genutzten Internetbrowsers verhindern und damit der Setzung von Cookies dauerhaft widersprechen. Eine solche Einstellung des genutzten Internetbrowsers w\u00fcrde auch verhindern, dass Automattic\/Quantcast ein Cookie auf dem informationstechnologischen System der betroffenen Person setzt. Zudem k\u00f6nnen von Automattic bereits gesetzte Cookies jederzeit \u00fcber den Internetbrowser oder andere Softwareprogramme gel\u00f6scht werden.<\/p>\n<p>Ferner besteht f\u00fcr die betroffene Person die M\u00f6glichkeit, einer Erfassung der durch das Jetpack-Cookie erzeugten, auf eine Nutzung dieser Internetseite bezogenen Daten sowie der Verarbeitung dieser Daten durch Automattic\/Quantcast zu widersprechen und eine solche zu verhindern. Hierzu muss die betroffene Person den Opt-Out-Button unter dem Link https:\/\/www.quantcast.com\/opt-out\/ dr\u00fccken, der einen Opt-Out-Cookie setzt. Der mit dem Widerspruch gesetzte Opt-Out-Cookie wird auf dem von der betroffenen Person genutzten informationstechnologischen System abgelegt. Werden die Cookies auf dem System der betroffenen Person nach einem Widerspruch gel\u00f6scht, muss die betroffene Person den Link erneut aufrufen und einen neuen Opt-Out-Cookie setzen.<\/p>\n<p>Mit der Setzung des Opt-Out-Cookies besteht jedoch die M\u00f6glichkeit, dass die Internetseiten des f\u00fcr die Verarbeitung Verantwortlichen f\u00fcr die betroffene Person nicht mehr vollumf\u00e4nglich nutzbar sind.<\/p>\n<p>Die geltenden Datenschutzbestimmungen von Automattic sind unter https:\/\/automattic.com\/privacy\/ abrufbar. Die geltenden Datenschutzbestimmungen von Quantcast sind unter https:\/\/www.quantcast.com\/privacy\/ abrufbar.<\/p>\n<p><strong>Hosting<\/strong><\/p>\n<p>Wir hosten unsere Website bei IONOS SE. Anbieter ist die IONOS SE, Elgendorfer Str. 57, 56410 Montabaur (nachfolgend IONOS). Wenn Sie unsere Website besuchen, erfasst IONOS verschiedene Logfiles inklusive Ihrer IP-Adressen. Details entnehmen Sie der Datenschutzerkl\u00e4rung von IONOS: <a href=\"https:\/\/www.ionos.de\/terms-gtc\/terms-privacy\" target=\"_blank\" rel=\"noopener noreferrer\">https:\/\/www.ionos.de\/terms-gtc\/terms-privacy<\/a>.<\/p>\n<p>Die Verwendung von IONOS erfolgt auf Grundlage von Art. 6 Abs. 1 lit. f DSGVO. Wir haben ein berechtigtes Interesse an einer m\u00f6glichst zuverl\u00e4ssigen Darstellung unserer Website. Sofern eine entsprechende Einwilligung abgefragt wurde, erfolgt die Verarbeitung ausschlie\u00dflich auf Grundlage von Art. 6 Abs. 1 lit. a DSGVO und \u00a7 25 Abs. 1 TTDSG, soweit die Einwilligung die Speicherung von Cookies oder den Zugriff auf Informationen im Endger\u00e4t des Nutzers (z.\u00a0B. Device-Fingerprinting) im Sinne des TTDSG umfasst. Die Einwilligung ist jederzeit widerrufbar.<\/p>\n<h4>Auftragsverarbeitung<\/h4>\n<p>Wir haben einen Vertrag \u00fcber Auftragsverarbeitung (AVV) mit dem oben genannten Anbieter geschlossen. Hierbei handelt es sich um einen datenschutzrechtlich vorgeschriebenen Vertrag, der gew\u00e4hrleistet, dass dieser die personenbezogenen Daten unserer Websitebesucher nur nach unseren Weisungen und unter Einhaltung der DSGVO verarbeitet.<\/p>\n<p><strong>IONOS WebAnalytics<\/strong><\/p>\n<p>Diese Website nutzt die Analysedienste von IONOS WebAnalytics (im Folgenden: IONOS). Anbieter ist die 1&amp;1 IONOS SE, Elgendorfer Stra\u00dfe 57, D \u2013 56410 Montabaur. Im Rahmen der Analysen mit IONOS k\u00f6nnen u.\u00a0a. Besucherzahlen und \u2013verhalten (z.\u00a0B. Anzahl der Seitenaufrufe, Dauer eines Webseitenbesuchs, Absprungraten), Besucherquellen (d. h., von welcher Seite der Besucher kommt), Besucherstandorte sowie technische Daten (Browser- und Betriebssystemversionen) analysiert werden. Zu diesem Zweck speichert IONOS insbesondere folgende Daten:<\/p>\n<ul>\n<li>Referrer (zuvor besuchte Webseite)<\/li>\n<li>angeforderte Webseite oder Datei<\/li>\n<li>Browsertyp und Browserversion<\/li>\n<li>verwendetes Betriebssystem<\/li>\n<li>verwendeter Ger\u00e4tetyp<\/li>\n<li>Uhrzeit des Zugriffs<\/li>\n<li>IP-Adresse in anonymisierter Form (wird nur zur Feststellung des Orts des Zugriffs verwendet)<\/li>\n<\/ul>\n<p>Die Datenerfassung erfolgt laut IONOS vollst\u00e4ndig anonymisiert, sodass sie nicht zu einzelnen Personen zur\u00fcckverfolgt werden kann. Cookies werden von IONOS WebAnalytics nicht gespeichert.<\/p>\n<p>Die Speicherung und Analyse der Daten erfolgt auf Grundlage von Art. 6 Abs. 1 lit. f DSGVO. Der Websitebetreiber hat ein berechtigtes Interesse an der statistischen Analyse des Nutzerverhaltens, um sowohl sein Webangebot als auch seine Werbung zu optimieren. Sofern eine entsprechende Einwilligung abgefragt wurde, erfolgt die Verarbeitung ausschlie\u00dflich auf Grundlage von Art. 6 Abs. 1 lit. a DSGVO und \u00a7 25 Abs. 1 TTDSG, soweit die Einwilligung die Speicherung von Cookies oder den Zugriff auf Informationen im Endger\u00e4t des Nutzers (z.\u00a0B. Device-Fingerprinting) im Sinne des TTDSG umfasst. Die Einwilligung ist jederzeit widerrufbar.<\/p>\n<p>Weitere Informationen zur Datenerfassung und Verarbeitung durch IONOS WebAnalytics entnehmen Sie der Datenschutzerklaerung von IONOS unter folgendem Link:<\/p>\n<p><a href=\"https:\/\/www.ionos.de\/terms-gtc\/index.php?id=6\" target=\"_blank\" rel=\"noopener noreferrer\">https:\/\/www.ionos.de\/terms-gtc\/index.php?id=6<\/a><\/p>\n<p><em>Quelle: eRecht24.de<\/em><\/p>\n","protected":false},"excerpt":{"rendered":"<p>\u00a0Verantwortlich f\u00fcr den Inhalt: Thomas H\u00e4se Diplom-Designer Gohliser Stra\u00dfe 42 D-04155 Leipzig Telefon: (0171) 9439800 E-Mail: th[et]leipzigdesign.de zust\u00e4ndiges Finanzamt: Finanzamt Leipzig I Postfach 100105, 04001 Leipzig Ust-IdNr.: DE141642615 Datenschutzerkl\u00e4rung Wir freuen uns sehr \u00fcber Ihr Interesse an unserem Internetauftritt. Datenschutz hat einen besonders hohen Stellenwert f\u00fcr uns. Eine Nutzung unserer Internetseiten der ist grunds\u00e4tzlich ohne [&hellip;]<\/p>\n","protected":false},"author":2,"featured_media":54,"parent":0,"menu_order":0,"comment_status":"closed","ping_status":"closed","template":"","meta":[],"_links":{"self":[{"href":"https:\/\/leipzigdesign.de\/index.php?rest_route=\/wp\/v2\/pages\/12"}],"collection":[{"href":"https:\/\/leipzigdesign.de\/index.php?rest_route=\/wp\/v2\/pages"}],"about":[{"href":"https:\/\/leipzigdesign.de\/index.php?rest_route=\/wp\/v2\/types\/page"}],"author":[{"embeddable":true,"href":"https:\/\/leipzigdesign.de\/index.php?rest_route=\/wp\/v2\/users\/2"}],"replies":[{"embeddable":true,"href":"https:\/\/leipzigdesign.de\/index.php?rest_route=%2Fwp%2Fv2%2Fcomments&post=12"}],"version-history":[{"count":10,"href":"https:\/\/leipzigdesign.de\/index.php?rest_route=\/wp\/v2\/pages\/12\/revisions"}],"predecessor-version":[{"id":406,"href":"https:\/\/leipzigdesign.de\/index.php?rest_route=\/wp\/v2\/pages\/12\/revisions\/406"}],"wp:featuredmedia":[{"embeddable":true,"href":"https:\/\/leipzigdesign.de\/index.php?rest_route=\/wp\/v2\/media\/54"}],"wp:attachment":[{"href":"https:\/\/leipzigdesign.de\/index.php?rest_route=%2Fwp%2Fv2%2Fmedia&parent=12"}],"curies":[{"name":"wp","href":"https:\/\/api.w.org\/{rel}","templated":true}]}}